llions digit of 40755720?
4
What is the ten thousands digit of 2561554?
6
What is the thousands digit of 4022041?
2
What is the hundreds digit of 12322981?
9
What is the ten thousands digit of 156804?
5
What is the hundreds digit of 908409?
4
What is the units digit of 671310?
0
What is the thousands digit of 10692609?
2
What is the units digit of 222560?
0
What is the thousands digit of 397418?
7
What is the tens digit of 2140054?
5
What is the units digit of 12895809?
9
What is the hundreds digit of 499474?
4
What is the units digit of 7186048?
8
What is the tens digit of 8106841?
4
What is the tens digit of 1077941?
4
What is the ten thousands digit of 233551?
3
What is the units digit of 12011502?
2
What is the thousands digit of 1078995?
8
What is the thousands digit of 412418?
2
What is the hundreds digit of 10761211?
2
What is the hundreds digit of 451550?
5
What is the units digit of 3706?
6
What is the units digit of 452272?
2
What is the hundred thousands digit of 984601?
9
What is the millions digit of 5245344?
5
What is the hundreds digit of 1336454?
4
What is the hundreds digit of 335858?
8
What is the thousands digit of 18127407?
7
What is the units digit of 232405?
5
What is the tens digit of 10747028?
2
What is the units digit of 75241?
1
What is the hundred thousands digit of 143419?
1
What is the thousands digit of 15373867?
3
What is the thousands digit of 21031?
1
What is the hundred thousands digit of 1440111?
4
What is the thousands digit of 7612785?
2
What is the thousands digit of 89219?
9
What is the thousands digit of 2050547?
0
What is the hundred thousands digit of 7526559?
5
What is the hundred thousands digit of 305726?
3
What is the hundreds digit of 2393393?
3
What is the tens digit of 43658?
5
What is the tens digit of 190677?
7
What is the millions digit of 7783518?
7
What is the hundreds digit of 2257978?
9
What is the ten thousands digit of 4338089?
3
What is the units digit of 1547537?
7
What is the hundreds digit of 6775018?
0
What is the thousands digit of 25064?
5
What is the tens digit of 942347?
4
What is the hundreds digit of 1532877?
8
What is the tens digit of 179179?
7
What is the thousands digit of 5252234?
2
What is the thousands digit of 15687122?
7
What is the ten millions digit of 10027656?
1
What is the ten thousands digit of 140085?
4
What is the hundred thousands digit of 1642692?
6
What is the tens digit of 5253887?
8
What is the thousands digit of 165494?
5
What is the hundred thousands digit of 605818?
6
What is the tens digit of 43367?
6
What is the millions digit of 9954243?
9
What is the ten thousands digit of 421921?
2
What is the ten thousands digit of 2126214?
2
What is the hundred thousands digit of 15078675?
0
What is the units digit of 138192?
2
What is the ten thousands digit of 23813770?
1
What is the ten thousands digit of 3077368?
7
What is the hundred thousands digit of 311007?
3
What is the hundreds digit of 331996?
9
What is the hundred thousands digit of 267433?
2
What is the millions digit of 9403762?
9
What is the units digit of 3023166?
6
What is the ten thousands digit of 17920?
1
What is the thousands digit of 41720?
1
What is the hundreds digit of 79445?
4
What is the units digit of 1010657?
7
What is the tens digit of 18007?
0
What is the tens digit of 6655437?
3
What is the thousands digit of 602813?
2
What is the hundred thousands digit of 3734419?
7
What is the tens digit of 512906?
0
What is the thousands digit of 799995?
9
What is the hundreds digit of 4206621?
6
What is the millions digit of 27226682?
7
What is the tens digit of 961309?
0
What is the ten millions digit of 23452892?
2
What is the ten thousands digit of 47238?
4
What is the hundred thousands digit of 262559?
2
What is the millions digit of 1087804?
1
What is the tens digit of 392572?
7
What is the hundred thousands digit of 8374130?
3
What is the thousands digit of 19467962?
7
What is the hundred thousands digit of 27068441?
0
What is the hundred thousands digit of 117771?
1
What is the units digit of 2622462?
2
What is the tens digit of 49809?
0
What is the hundred thousands digit of 179595?
1
What is the ten thousands digit of 499552?
9
What is the hundred thousands digit of 3591353?
5
What is the ten thousands digit of 1092362?
9
What is the thousands digit of 547253?
7
What is the hundred thousands digit of 8204906?
2
What is the hundreds digit of 221413?
4
What is the hundreds digit of 94047?
0
What is the hundreds digit of 94202?
2
What is the units digit of 268085?
5
What is the hundreds digit of 184443?
4
What is the tens digit of 2169653?
5
What is the thousands digit of 1738220?
8
What is the thousands digit of 12842605?
2
What is the hundreds digit of 10106324?
3
What is the hundreds digit of 6844125?
1
What is the hundreds digit of 28966334?
3
What is the hundreds digit of 550541?
5
What is the hundreds digit of 308170?
1
What is the units digit of 918381?
1
What is the units digit of 287946?
6
What is the ten thousands digit of 24976966?
7
What is the thousands digit of 14258484?
8
What is the hundreds digit of 230289?
2
What is the units digit of 10009571?
1
What is the millions digit of 18370068?
8
What is the hundred thousands digit of 4808427?
8
What is the hundred thousands digit of 3094147?
0
What is the hundred thousands digit of 3864170?
8
What is the tens digit of 1113338?
3
What is the tens digit of 7052961?
6
What is the units digit of 133380?
0
What is the units digit of 25537?
7
What is the thousands digit of 1061669?
1
What is the thousands digit of 368956?
8
What is the hundred thousands digit of 220488?
2
What is the ten thousands digit of 5983280?
8
What is the millions digit of 1635092?
1
What is the ten thousands digit of 161741?
6
What is the hundred thousands digit of 20978106?
9
What is the millions digit of 15204698?
5
What is the hundred thousands digit of 958004?
9
What is the ten thousands digit of 9301190?
0
What is the hundreds digit of 888389?
3
What is the hundred thousands digit of 185469?
1
What is the units digit of 14019?
9
What is the thousands digit of 57576?
7
What is the units digit of 1102203?
3
What is the thousands digit of 1782642?
2
What is the hundred thousands digit of 133961?
1
What is the hundred thousands digit of 443089?
4
What is the hundreds digit of 5806160?
1
What is the hundred thousands digit of 13442802?
4
What is the thousands digit of 147097?
7
What is the thousands digit of 31200833?
0
What is the thousands digit of 3614557?
4
What is the ten thousands digit of 2002020?
0
What is the units digit of 417114?
4
What is the millions digit of 3013128?
3
What is the tens digit of 8117214?
1
What is the thousands digit of 1798567?
8
What is the millions digit of 7799687?
7
What is the thousands digit of 843493?
3
What is the tens digit of 31621?
2
What is the thousands digit of 739825?
9
What is the thousands digit of 552649?
2
What is the ten thousands digit of 5642164?
4
What is the ten millions digit of 16108261?
1
What is the thousands digit of 98155?
8
What is the thousands digit of 440524?
0
What is the ten thousands digit of 224390?
2
What is the hundreds digit of 1287772?
7
What is the ten thousands digit of 140648?
4
What is the hundreds digit of 1042645?
6
What is the hundred thousands digit of 4792940?
7
What is the millions digit of 24369477?
4
What is the thousands digit of 107011?
7
What is the units digit of 55689?
9
What is the thousands digit of 26944?
6
What is the tens digit of 317767?
6
What is the tens digit of 69777?
7
What is the tens digit of 9548?
4
What is the hundreds digit of 273861?
8
What is the ten thousands digit of 919988?
1
What is the hundred thousands digit of 513251?
5
What is the hundreds digit of 2730294?
2
What is the units digit of 2639372?
2
What is the ten thousands digit of 384942?
8
What is the tens digit of 2826946?
4
What is the hundreds digit of 942339?
3
What is the ten thousands digit of 910928?
1
What is the units digit of 88531?
1
What is the millions digit of 5450829?
5
What is the units digit of 10939063?
3
What is the ten thousands digit of 38908625?
0
What is the tens digit of 87203?
0
What is the millions digit of 20657233?
0
What is the millions digit of 1391802?
1
Wh